Let v = -2855 + 2874. Calculate the remainder when v is divided by i.
3
Suppose 6*s = -77*s + 140*s - 60249. What is the remainder when s is divided by 351?
4
Suppose -z - 64 = -3*s + 252, 4*s - 4*z - 416 = 0. What is the remainder when s is divided by 1?
0
Let h = -5510 + 5744. What is the remainder when h is divided by 224?
10
Let m(d) = 84*d + 89. What is the remainder when m(13) is divided by 197?
196
Let g(t) = 13*t**2 + 2*t - 1. Suppose -52*u + 46*u - 29*u - 111*u = -3650. Calculate the remainder when u is divided by g(1).
11
Let w(n) be the third derivative of n**6/40 - n**5/20 + n**4/24 + 2*n**3/3 + 3*n**2 - 7*n. Calculate the remainder when 52 is divided by w(2).
16
Let x(f) = -f**3 + f**2 + 3*f. Let d be x(0). Let r be 2*(5 + d) + 5. What is the remainder when -141*(10/r)/(-1) is divided by 16?
14
Let n(z) = -2*z**2 + 48*z - 48. Let c be n(23). Let i(y) = 9*y - 1. What is the remainder when i(6) is divided by ((-11)/c)/((-9)/(-18)*1)?
9
Suppose 3*j + 28 = 22. Calculate the remainder when ((-5775)/j)/(-25)*2/(-3) is divided by 39.
38
Let t = -254 - -377. Let o(v) = v**2 + 3*v - 4. What is the remainder when t is divided by o(5)?
15
Let s = 1171 + -1100. What is the remainder when 483 is divided by s?
57
Suppose 10*a = 58*a - 52784 - 6256. Calculate the remainder when a is divided by 407.
9
Let h = 319 + -316. Suppose 0 = -h*x + d + 34, 5*d = 4*x - 6 - 32. What is the remainder when 214 is divided by x?
10
Calculate the remainder when 4002 is divided by (0 - 126/14)*35/(-7).
42
Suppose 4*q = -1431 + 279. Let l = -201 - q. Calculate the remainder when l is divided by 18.
15
Let n = 1170 + -604. Let l = n - 551. Calculate the remainder when 28 is divided by l.
13
Suppose 61*q + 1414 = 75*q. Calculate the remainder when 506 is divided by q.
1
Suppose 5*w = n + 2426, 2*w - 3*n - 952 = 2*n. Suppose a + 3*z = 92, 5*a + 0*z = -2*z + w. Let c = a + -42. What is the remainder when c is divided by 30?
26
Suppose 2*v = -3*v + 35. What is the remainder when (-1430)/33*18/(-13) is divided by v?
4
Suppose 5*v = -3*v - 32. Calculate the remainder when 245 is divided by (v - -32 - 3)/(4/8).
45
Let w = -191 - -281. What is the remainder when (113 - 141) + 206 + 2 is divided by w?
0
Suppose -12*t = 18*t + 2610. Let q = 107 + t. Calculate the remainder when 179 is divided by q.
19
Calculate the remainder when 2464 is divided by 36/60 + (-2763)/(-45) + 3.
59
Let n = -32 + 55. Let a = 1297 + -1230. What is the remainder when a is divided by n?
21
Calculate the remainder when 176/7 - ((-645)/(-105) - 7) is divided by 16.
10
Suppose 0 = 37*l - 45 + 119. Let s(n) = 78*n + 193. Suppose 0 = y - 2*y + 8. Calculate the remainder when s(l) is divided by y.
5
Let p(n) = -2*n**2 - 31*n - 61. Let y be p(-13). Calculate the remainder when y/(24/(-63))*180/(-27) is divided by 19.
13
Suppose -141*i + 145*i - 84 = -4*w, 5*i + 5 = 0. Calculate the remainder when (-4)/(-8)*(745 + 1) is divided by w.
21
Suppose 0 = -4*o + 5*b + 17, 0 = 3*o + b - 6*b - 9. Suppose -d - o = -23. Let g = d - -60. Calculate the remainder when g is divided by 26.
23
Let n(i) = -10*i**2. Let f be n(-1). Let w be (f/4)/((-8)/(-320)). Let c = w + 115. What is the remainder when 41 is divided by c?
11
Suppose 6949 = 60*q - 3911. Let j(b) = -b + 34. What is the remainder when q is divided by j(-16)?
31
Let d be 2/5 - (-3808)/80. Suppose 88*j - 520 = d*j. Let b = -28 + 64. Calculate the remainder when b is divided by j.
10
Let q be -7 - (208 + 18/(-2)). Let d(h) = -12*h + 2. Calculate the remainder when q*(5/(-10) - (-6 - -6)) is divided by d(-2).
25
Suppose -4 = -o + 9. Let r = 519 - 32. Let c = r + -462. Calculate the remainder when c is divided by o.
12
Suppose -1533*w + 1515*w = -2016. What is the remainder when w is divided by 108?
4
Suppose 13*z - 16*z = -a - 5306, -4*z - a + 7070 = 0. What is the remainder when z is divided by 96?
40
Let f be (-15)/25 - 16/40. Let t(u) = -u**3 - u**2 + 4*u + 3. What is the remainder when (5 + f + 73 - 4) + -5 is divided by t(-4)?
33
Suppose 0 = -4*u - 10*u - 462. Let b(k) = 7*k - 3. Let h be b(6). Let n = u + h. What is the remainder when 18 is divided by n?
0
Let m be (-1 + 0)/((9 + 1)/310). Let s(w) = w**3 + 32*w**2 + 29*w - 10. Calculate the remainder when 97 is divided by s(m).
45
Let f(g) = g**3 + 2*g**2 - 15*g + 22. Let o be f(2). Suppose 2*h - 59 = -15. What is the remainder when 2 + (-15)/o - 4585/(-56) is divided by h?
16
Calculate the remainder when 5 + (-15 - 2) + (-2408)/(-7) is divided by 181.
151
Let t(u) = -2*u**3 - 3*u**2 + 28*u + 80. Calculate the remainder when 590 is divided by t(-5).
15
Suppose 196*u - 1064 = 5992. Calculate the remainder when u is divided by 13.
10
Let n = 24 + -23. Suppose -11 = -2*h + v, h - 5*v = -0 + n. Suppose 508 = 10*z - h*z. Calculate the remainder when z is divided by 32.
31
Let r = 32 + -26. Let u(q) = 13*q + 23. Let p be u(-17). What is the remainder when (p/15)/3*-5 is divided by r?
4
Suppose -4*w + 7*w = a + 1220, 4*a + 1608 = 4*w. Calculate the remainder when w is divided by 103.
100
Let q be 1 + (-19)/(-5) - 2/(-10). Suppose s = -0*a + a - q, a = 2*s + 4. Suppose 2*d = 2*x - 214, a + 0 = 3*d. What is the remainder when x is divided by 16?
13
Let r(v) = 5*v - 73. Let o be r(16). Let q be 4/18 + (-6)/27. Suppose 0 = g - q*g - o. Calculate the remainder when 33 is divided by g.
5
Suppose -2105 + 619 = -26*r + 2570. Suppose -4*q + 0*n + 286 = -2*n, 290 = 4*q + 2*n. Calculate the remainder when r is divided by q.
12
Suppose 14*b + 0*b - 1298 = 2146. Calculate the remainder when b is divided by 153.
93
Suppose -14*r + 83 = 13. Suppose -3 = -2*q - 9, j = r*q + 37. What is the remainder when 121 is divided by j?
11
Let t = 5901 + -4897. Calculate the remainder when t is divided by 22.
14
Let v = 3594 - 3470. What is the remainder when v is divided by 34?
22
Suppose 68 = 4*l - 60. What is the remainder when l is divided by (-2 - 0) + 30 + -7?
11
What is the remainder when (-3 - 17) + (6889 - 20) is divided by 77?
73
Suppose 567898 = 217*y - 422920 - 695055. Calculate the remainder when y is divided by 6.
5
Let u = -343 - -354. Let b be (-5)/((-20)/(-52))*-6. Suppose 3*y - 111 = b. What is the remainder when y is divided by u?
8
Suppose 9 = -5*l + w, 4 + 1 = -5*w. Let n be ((-76)/(-12))/(5/30). Let y = l + n. Calculate the remainder when 143 is divided by y.
35
Let n(u) = -2*u**3 - 3*u**2 - 4*u + 1. Suppose -2*s + 26 = -4. Suppose 3 = 6*c + s. What is the remainder when 153 is divided by n(c)?
10
Suppose 3*o + 340*d - 228 = 343*d, -d = 3*o - 248. Let b(w) = 9*w. Let m be b(1). Calculate the remainder when o is divided by 4/18 - (-259)/m.
23
Let g(w) = 17*w**2 + 19*w + 18. Let r be g(-11). Let d = r - 1107. Calculate the remainder when d is divided by 40.
39
Let s(f) = 15*f**3 - 6*f**2 - 64*f + 236. What is the remainder when s(7) is divided by 211?
208
Suppose 187*d + 180 = 380*d - 184*d. Calculate the remainder when 4093 is divided by d.
13
Let w(v) = 2*v**2 - 19*v + 12. Let i(r) = 2*r**2 + 3*r + 3. Let j be i(-3). Let s be w(j). Suppose -3*h + 3 = -s. What is the remainder when 73 is divided by h?
23
Suppose 15 = 5*q, -4*k - 3*q - 6 + 71 = 0. Let d(i) = i**3 + i**2 + 17*i - 70. What is the remainder when d(5) is divided by k?
11
Suppose 10*a + 240 = 9*a. Calculate the remainder when 87 is divided by ((-3760)/a)/((-2)/12*-2).
40
Let r = -6607 + 7735. Calculate the remainder when r is divided by 39.
36
Suppose 34*y = 36*y - 176. Suppose -a - 4*d = -39, -y = -4*a - 0*a + d. What is the remainder when 89 is divided by a?
20
Let w(x) = 3*x - 88. Let j be w(-12). Let l = j + 126. Suppose -l*r = -5*r + 159. Calculate the remainder when r is divided by 29.
24
Suppose b = -4*g + 16, 3*b = 2*g + 2*b - 2. Let i(a) = 7*a**2 - 3 - a**g + a - 4*a + 2 + 0*a. What is the remainder when 65 is divided by i(6)?
14
Let q be 2/((-12)/(-2358)) - 6. Let w = 402 - q. What is the remainder when 17 is divided by w?
2
Let g(v) = -2*v**2 - 13*v + 10. Let m be g(-7). Suppose 15 = 3*r + 3*x - m, 0 = -r + 4*x + 31. Calculate the remainder when 51 is divided by r.
7
Let i = -76283 - -76289. What is the remainder when -3*89*(-2)/6 is divided by i?
5
Let p = -209 + 399. Suppose 0 = -1568*y + 121000 - 31624. Calculate the remainder when p is divid